er when 1529844 is divided by 235?
229
Calculate the remainder when 3400 is divided by 565.
10
What is the remainder when 232030 is divided by 24?
22
What is the remainder when 56694 is divided by 700?
694
Calculate the remainder when 529354 is divided by 186.
184
What is the remainder when 38967 is divided by 7777?
82
Calculate the remainder when 28606 is divided by 709.
246
What is the remainder when 8754 is divided by 337?
329
What is the remainder when 863432 is divided by 22?
20
Calculate the remainder when 764 is divided by 13.
10
Calculate the remainder when 64020 is divided by 15977.
112
What is the remainder when 93464 is divided by 4673?
4
What is the remainder when 749685 is divided by 24?
21
Calculate the remainder when 89457 is divided by 18.
15
What is the remainder when 3459658 is divided by 1380?
1378
What is the remainder when 4844 is divided by 965?
19
What is the remainder when 10672 is divided by 2667?
4
What is the remainder when 60695 is divided by 667?
665
Calculate the remainder when 31961 is divided by 10648.
17
What is the remainder when 30506 is divided by 649?
3
What is the remainder when 21625 is divided by 227?
60
Calculate the remainder when 2384191 is divided by 993.
991
What is the remainder when 1675 is divided by 503?
166
Calculate the remainder when 10912 is divided by 1088.
32
What is the remainder when 3941 is divided by 29?
26
Calculate the remainder when 15046 is divided by 14957.
89
What is the remainder when 49993 is divided by 352?
9
What is the remainder when 15520 is divided by 1411?
1410
Calculate the remainder when 2959 is divided by 584.
39
Calculate the remainder when 52970 is divided by 172.
166
Calculate the remainder when 1713 is divided by 73.
34
What is the remainder when 18691 is divided by 93?
91
Calculate the remainder when 41739 is divided by 469.
467
What is the remainder when 258 is divided by 92?
74
What is the remainder when 16889 is divided by 188?
157
Calculate the remainder when 5237 is divided by 5218.
19
What is the remainder when 32096 is divided by 1284?
1280
Calculate the remainder when 283849 is divided by 141919.
11
Calculate the remainder when 30730 is divided by 65.
50
What is the remainder when 96963 is divided by 1243?
9
What is the remainder when 1360 is divided by 110?
40
What is the remainder when 38283 is divided by 21?
0
What is the remainder when 60 is divided by 21?
18
What is the remainder when 25815 is divided by 717?
3
What is the remainder when 316716 is divided by 80?
76
Calculate the remainder when 7872 is divided by 3915.
42
What is the remainder when 592325 is divided by 197437?
14
Calculate the remainder when 38208 is divided by 9547.
20
Calculate the remainder when 4926 is divided by 2448.
30
What is the remainder when 1656 is divided by 256?
120
What is the remainder when 57650 is divided by 57646?
4
What is the remainder when 12160 is divided by 145?
125
What is the remainder when 4152 is divided by 802?
142
Calculate the remainder when 21422 is divided by 349.
133
What is the remainder when 5095 is divided by 863?
780
What is the remainder when 25368 is divided by 155?
103
Calculate the remainder when 332836 is divided by 530.
526
What is the remainder when 741 is divided by 229?
54
Calculate the remainder when 2715 is divided by 68.
63
What is the remainder when 10843 is divided by 6?
1
What is the remainder when 3036 is divided by 53?
15
Calculate the remainder when 1935 is divided by 860.
215
Calculate the remainder when 43373 is divided by 21679.
15
What is the remainder when 79172 is divided by 118?
112
What is the remainder when 6795 is divided by 849?
3
What is the remainder when 14627 is divided by 1745?
667
What is the remainder when 34831 is divided by 85?
66
Calculate the remainder when 4939 is divided by 38.
37
What is the remainder when 107 is divided by 22?
19
What is the remainder when 92004 is divided by 124?
120
What is the remainder when 413 is divided by 159?
95
Calculate the remainder when 5460 is divided by 9.
6
What is the remainder when 5480 is divided by 2697?
86
What is the remainder when 5467 is divided by 2725?
17
What is the remainder when 11563 is divided by 5778?
7
Calculate the remainder when 332922 is divided by 203.
2
What is the remainder when 20159 is divided by 6719?
2
What is the remainder when 306345 is divided by 550?
545
What is the remainder when 483 is divided by 4?
3
Calculate the remainder when 61902 is divided by 212.
210
Calculate the remainder when 39836 is divided by 229.
219
Calculate the remainder when 32436 is divided by 8.
4
Calculate the remainder when 7146 is divided by 7049.
97
Calculate the remainder when 19966709 is divided by 15.
14
What is the remainder when 510039 is divided by 343?
341
What is the remainder when 445827 is divided by 10?
7
What is the remainder when 27106 is divided by 343?
9
What is the remainder when 79524 is divided by 15897?
39
Calculate the remainder when 562305 is divided by 69.
24
What is the remainder when 10815 is divided by 65?
25
Calculate the remainder when 6933 is divided by 6825.
108
Calculate the remainder when 67430 is divided by 6.
2
What is the remainder when 11500 is divided by 261?
16
What is the remainder when 24916 is divided by 34?
28
What is the remainder when 7823 is divided by 1946?
39
Calculate the remainder when 823 is divided by 14.
11
What is the remainder when 1811 is divided by 603?
2
What is the remainder when 1823 is divided by 910?
3
What is the remainder when 70703 is divided by 123?
101
What is the remainder when 1252760 is divided by 14?
12
What is the remainder when 74982 is divided by 35?
12
What is the remainder when 3169 is divided by 300?
169
Calculate the remainder when 333 is divided by 190.
143
Calculate the remainder when 2396 is divided by 412.
336
What is the remainder when 15064 is divided by 2442?
412
What is the remainder when 6329 is divided by 928?
761
What is the remainder when 238615 is divided by 5187?
13
What is the remainder when 1904172 is divided by 1209?
1206
Calculate the remainder when 2276 is divided by 281.
28
What is the remainder when 43997 is divided by 200?
197
What is the remainder when 18864 is divided by 74?
68
What is the remainder when 5974 is divided by 208?
150
Calculate the remainder when 19426 is divided by 4840.
66
What is the remainder when 34718 is divided by 1197?
5
What is the remainder when 2787 is divided by 2227?
560
What is the remainder when 174541 is divided by 1695?
1651
Calculate the remainder when 9343 is divided by 229.
183
What is the remainder when 24186 is divided by 85?
46
What is the remainder when 18991 is divided by 612?
19
What is the remainder when 25916 is divided by 203?
135
Calculate the remainder when 897 is divided by 26.
13
Calculate the remainder when 447 is divided by 197.
53
Calculate the remainder when 19791 is divided by 27.
0
What is the remainder when 2991 is divided by 428?
423
Calculate the remainder when 31975 is divided by 205.
200
Calculate the remainder when 209771 is divided by 69922.
5
What is the remainder when 28369 is divided by 1533?
775
What is the remainder when 13675 is divided by 119?
109
Calculate the remainder when 22208 is divided by 5548.
16
What is the remainder when 26240 is divided by 6550?
40
Calculate the remainder when 11782 is divided by 1076.
1022
What is the remainder when 30463 is divided by 97?
5
Calculate the remainder when 382531 is divided by 224.
163
What is the remainder when 42789 is divided by 186?
9
What is the remainder when 152747 is divided by 152704?
43
What is the remainder when 94847 is divided by 311?
303
Calculate the remainder when 8842 is divided by 4417.
8
Calculate the remainder when 15873 is divided by 7829.
215
What is the remainder when 46387 is divided by 23188?
11
What is the remainder when 1600234 is divided by 40?
34
Calculate the remainder when 12074 is divided by 168.
146
Calculate the remainder when 229576 is divided by 90.
76
Calculate the remainder when 191771 is divided by 23.
20
Calculate the remainder when 6494 is divided by 91.
33
Calculate the remainder when 65908 is divided by 9.
1
What is the remainder when 1091255 is divided by 322?
319
What is the remainder when 16726 is divided by 41